{"id":1354,"date":"2019-01-22T11:31:28","date_gmt":"2019-01-22T11:31:28","guid":{"rendered":"https:\/\/dacotrans.com.sv\/index.php\/our-services\/"},"modified":"2021-03-04T09:50:00","modified_gmt":"2021-03-04T15:50:00","slug":"servicios","status":"publish","type":"page","link":"https:\/\/dacotrans.com.sv\/index.php\/servicios\/","title":{"rendered":"Servicios"},"content":{"rendered":"<section class=\"wpb-content-wrapper\">[vc_row][vc_column width=\u00bb1\/4&#8243;]<div class='cws_textmodule cws_vc_shortcode_module' id='cws_textmodule_69e1103aeeb6e'><div class='cws_textmodule_wrapper '><div class='cws_textmodule_text text_align_left'><div class='cws_textmodule_titles display_block'><h1 class='cws_textmodule_title'><span>Servicios de calidad<\/span><\/h1><\/div><\/div><\/div><\/div>[\/vc_column][vc_column width=\u00bb3\/4&#8243; css=\u00bb.vc_custom_1548157427634{padding-right: 100px !important;}\u00bb]<div class='cws_textmodule cws_vc_shortcode_module  vc_custom_1611345249407' id='cws_textmodule_69e1103aeee90'><div class='cws_textmodule_wrapper '><div class='cws_textmodule_text text_align_left'><div class='cws_textmodule_content'><div class='text_content_wrapper'><p><span style=\"font-weight: 400;\">Ofrecemos nuestros servicios en diversos sectores como: Proyectos de generaci\u00f3n de energ\u00eda e\u00f3lica, hidr\u00e1ulica y t\u00e9rmica, cementeras, textilera, ingenios entre otros.<\/span><\/p>\n<p>Transportes de carga terrestre, mar\u00edtima, a\u00e9rea y tramites aduanales, as\u00ed como seguros de carga<\/p>\n<\/div><\/div><\/div><\/div><\/div>[\/vc_column][\/vc_row][vc_row][vc_column]<div class=\"cws_spacing cws_spacing_size_sm_desctop-on cws_spacing_tablet-on cws_spacing_mobile-on\"><div class=\"cws_spacing cws_spacing_default\" style=\"height:90px;\"><\/div> <div class=\"cws_spacing cws_spacing_size_sm_desctop\" style=\"height:90px;\"><\/div> <div class=\"cws_spacing cws_spacing_tablet\" style=\"height:40px;\"><\/div> <div class=\"cws_spacing cws_spacing_mobile\" style=\"height:40px;\"><\/div><\/div>[vc_row_inner][vc_column_inner]<section id='cws_portfolio_posts_grid_69e1103aef326' class='posts_grid cws_portfolio_posts_grid cws_portfolio_posts_grid posts_grid_3 posts_grid_grid remove_spacing meta_show simple_filter render_styles ' data-style='&quot;&quot;' data-col='3'><div class='cws_vc_shortcode_wrapper'><div class='cws_vc_shortcode_grid'><div class='grid-sizer'><\/div><article id='post_post_69e1103af1e97' class='no_tax item portfolio_item_post portfolio_item_grid_post item clearfix under_img add_title_divider appear_style with_link_wrapper hover_none'   ><a href='https:\/\/dacotrans.com.sv\/index.php\/portfolio\/transporte-maritimo\/' class='wrap_link'><\/a><div class='item_content'><div class='post_media post_post_media post_posts_grid_post_media'><div class='pic'><img src='https:\/\/dacotrans.com.sv\/wp-content\/uploads\/2019\/01\/9-1-1_017200d00_1135.jpg' data-at2x='https:\/\/dacotrans.com.sv\/wp-content\/uploads\/2019\/01\/9-1-1_017200d00_1135@2x.jpg'  alt='9' \/><\/div><\/div><div class='under_image_portfolio'><h3 class='cws_portfolio_post_title post_title text_alignleft'><a href='https:\/\/dacotrans.com.sv\/index.php\/portfolio\/transporte-maritimo\/'>Transporte Mar\u00edtimo<\/a><\/h3><div class='cws_portfolio_posts_grid_post_content post_content text_alignleft'>Transporte\u00a0Mar\u00edtimo El transporte mar\u00edtimo internacional de cargas, consiste en llevar mercanc\u00edas de un pu<\/div><\/div><\/div><\/article><article id='post_post_69e1103af2ef9' class='no_tax item portfolio_item_post portfolio_item_grid_post item clearfix under_img add_title_divider appear_style with_link_wrapper hover_none'   ><a href='https:\/\/dacotrans.com.sv\/index.php\/portfolio\/transporte-terrestre\/' class='wrap_link'><\/a><div class='item_content'><div class='post_media post_post_media post_posts_grid_post_media'><div class='pic'><img src='https:\/\/dacotrans.com.sv\/wp-content\/uploads\/2019\/01\/camion_017201150_3774.jpg' data-at2x='https:\/\/dacotrans.com.sv\/wp-content\/uploads\/2019\/01\/camion_017201150_3774@2x.jpg'  alt='camion' \/><\/div><\/div><div class='under_image_portfolio'><h3 class='cws_portfolio_post_title post_title text_alignleft'><a href='https:\/\/dacotrans.com.sv\/index.php\/portfolio\/transporte-terrestre\/'>Transporte Terrestre<\/a><\/h3><div class='cws_portfolio_posts_grid_post_content post_content text_alignleft'>Transporte Terrestre Ofrecemos transporte terrestre local y regional, donde su mercader\u00eda puede ser colocado <\/div><\/div><\/div><\/article><article id='post_post_69e1103af369b' class='no_tax item portfolio_item_post portfolio_item_grid_post item clearfix under_img add_title_divider appear_style with_link_wrapper hover_none'   ><a href='https:\/\/dacotrans.com.sv\/index.php\/portfolio\/transporte-aereo\/' class='wrap_link'><\/a><div class='item_content'><div class='post_media post_post_media post_posts_grid_post_media'><div class='pic'><img src='https:\/\/dacotrans.com.sv\/wp-content\/uploads\/2019\/01\/carga_aerea_017200f60_3775.jpg' data-at2x='https:\/\/dacotrans.com.sv\/wp-content\/uploads\/2019\/01\/carga_aerea_017200f60_3775@2x.jpg'  alt='carga_aerea' \/><\/div><\/div><div class='under_image_portfolio'><h3 class='cws_portfolio_post_title post_title text_alignleft'><a href='https:\/\/dacotrans.com.sv\/index.php\/portfolio\/transporte-aereo\/'>Transporte A\u00e9reo<\/a><\/h3><div class='cws_portfolio_posts_grid_post_content post_content text_alignleft'>Transporte A\u00e9reo Dacotrans ofrece servicios de transporte de carga v\u00eda a\u00e9rea desde los aeropuertos m\u00e1s imp<\/div><\/div><\/div><\/article><article id='post_post_69e1103af3c09' class='no_tax item portfolio_item_post portfolio_item_grid_post item clearfix under_img add_title_divider appear_style with_link_wrapper hover_none'   ><a href='https:\/\/dacotrans.com.sv\/index.php\/portfolio\/aduanas\/' class='wrap_link'><\/a><div class='item_content'><div class='post_media post_post_media post_posts_grid_post_media'><div class='pic'><img src='https:\/\/dacotrans.com.sv\/wp-content\/uploads\/2019\/01\/tramite_aduanal2_017200f60_3772.jpg' data-at2x='https:\/\/dacotrans.com.sv\/wp-content\/uploads\/2019\/01\/tramite_aduanal2_017200f60_3772@2x.jpg'  alt='tramite_aduanal2' \/><\/div><\/div><div class='under_image_portfolio'><h3 class='cws_portfolio_post_title post_title text_alignleft'><a href='https:\/\/dacotrans.com.sv\/index.php\/portfolio\/aduanas\/'>Aduanas<\/a><\/h3><div class='cws_portfolio_posts_grid_post_content post_content text_alignleft'>Servicio de Tramite Aduanal El objetivo principal es ofrecer un servicio integral con m\u00e1xima calidad y adapta<\/div><\/div><\/div><\/article><article id='post_post_69e1103af408d' class='no_tax item portfolio_item_post portfolio_item_grid_post item clearfix under_img add_title_divider appear_style with_link_wrapper hover_none'   ><a href='https:\/\/dacotrans.com.sv\/index.php\/portfolio\/seguros\/' class='wrap_link'><\/a><div class='item_content'><div class='post_media post_post_media post_posts_grid_post_media'><div class='pic'><img src='https:\/\/dacotrans.com.sv\/wp-content\/uploads\/2021\/02\/seguro-carga_017200cf0_3771.jpg' data-at2x='https:\/\/dacotrans.com.sv\/wp-content\/uploads\/2021\/02\/seguro-carga_017200cf0_3771@2x.jpg'  alt='seguro-carga' \/><\/div><\/div><div class='under_image_portfolio'><h3 class='cws_portfolio_post_title post_title text_alignleft'><a href='https:\/\/dacotrans.com.sv\/index.php\/portfolio\/seguros\/'>Seguros de Carga<\/a><\/h3><div class='cws_portfolio_posts_grid_post_content post_content text_alignleft'>Servicio de Seguros de carga El seguro de transporte es fundamental para proteger las mercanc\u00edas de su empres<\/div><\/div><\/div><\/article><article id='post_post_69e1103b0041a' class='no_tax item portfolio_item_post portfolio_item_grid_post item clearfix under_img add_title_divider appear_style with_link_wrapper hover_none'   ><a href='https:\/\/dacotrans.com.sv\/index.php\/portfolio\/carga\/' class='wrap_link'><\/a><div class='item_content'><div class='post_media post_post_media post_posts_grid_post_media'><div class='pic'><img src='https:\/\/dacotrans.com.sv\/wp-content\/uploads\/2021\/02\/IMG_20200828_111943_017201150_3763.jpg' data-at2x='https:\/\/dacotrans.com.sv\/wp-content\/uploads\/2021\/02\/IMG_20200828_111943_017201150_3763@2x.jpg'  alt='IMG_20200828_111943' \/><\/div><\/div><div class='under_image_portfolio'><h3 class='cws_portfolio_post_title post_title text_alignleft'><a href='https:\/\/dacotrans.com.sv\/index.php\/portfolio\/carga\/'>Carga Sobredimensionada<\/a><\/h3><div class='cws_portfolio_posts_grid_post_content post_content text_alignleft'>Carga Sobredimensionada Somos especialistas en cargas sobredimesionadas Somos especialistas en el manejo y eje<\/div><\/div><\/div><\/article><\/div><\/div><\/section>[\/vc_column_inner][\/vc_row_inner]<div class=\"cws_spacing cws_spacing_size_sm_desctop-on cws_spacing_tablet-on cws_spacing_mobile-on\"><div class=\"cws_spacing cws_spacing_default\" style=\"height:100px;\"><\/div> <div class=\"cws_spacing cws_spacing_size_sm_desctop\" style=\"height:100px;\"><\/div> <div class=\"cws_spacing cws_spacing_tablet\" style=\"height:50px;\"><\/div> <div class=\"cws_spacing cws_spacing_mobile\" style=\"height:50px;\"><\/div><\/div>[\/vc_column][\/vc_row][vc_row full_width=\u00bbstretch_row\u00bb equal_height=\u00bbyes\u00bb add_layers=\u00bb1&#8243; extra_layer_pos=\u00bbright\u00bb extra_layer_size=\u00bbcover\u00bb extra_layer_position=\u00bbcenter center\u00bb css=\u00bb.vc_custom_1550047249745{background-color: #2f3985 !important;}\u00bb cws_layer_image=\u00bb1381&#8243; extra_layer_width=\u00bb56%\u00bb extra_layer_height=\u00bb100%\u00bb][vc_column width=\u00bb5\/12&#8243; css=\u00bb.vc_custom_1548160073919{padding-right: 130px !important;}\u00bb][\/vc_column][vc_column width=\u00bb7\/12&#8243;][\/vc_column][\/vc_row]\n<\/section>","protected":false},"excerpt":{"rendered":"Carga Sobredimensionada Somos especialistas en cargas sobredimesionadas Somos especialistas en el manejo y ejecuci\u00f3n de proyectos de carga sobre dimensionada ofreciendo a nuestros clientes un servicio \"door to door\" para cargas especiales. M\u00e1s de 25 a\u00f1os de experiencia nos respaldan como pioneros en el \u00e1rea Centroamericana. Contamos personal altamente calificado y equipos modernos que, nos permiten ejecutar cualquier proyecto de forma eficiente, preciso y seguro brindando a nuestros clientes soluciones integrales para la ejecuci\u00f3n de cualquier proyecto. Ofrecemos nuestros servicios en diversos sectores como: Proyectos de generaci\u00f3n de energ\u00eda e\u00f3lica, hidr\u00e1ulica y t\u00e9rmica, cementeras, textilera, ingenios entre otros. Ponemos a su disposici\u00f3n los siguientes servicios: \u2022 Transporte terrestre de carga sobredimensionada \u2022 Servicios de gr\u00faa \u2022 Remoci\u00f3n de obst\u00e1culos \u2022 Construcci\u00f3n de v\u00edas alternas (by pass) \u2022 Refuerzo de puentes \u2022 Gestiones aduanales","protected":false},"author":1,"featured_media":0,"parent":0,"menu_order":0,"comment_status":"closed","ping_status":"closed","template":"","meta":{"footnotes":""},"_links":{"self":[{"href":"https:\/\/dacotrans.com.sv\/index.php\/wp-json\/wp\/v2\/pages\/1354"}],"collection":[{"href":"https:\/\/dacotrans.com.sv\/index.php\/wp-json\/wp\/v2\/pages"}],"about":[{"href":"https:\/\/dacotrans.com.sv\/index.php\/wp-json\/wp\/v2\/types\/page"}],"author":[{"embeddable":true,"href":"https:\/\/dacotrans.com.sv\/index.php\/wp-json\/wp\/v2\/users\/1"}],"replies":[{"embeddable":true,"href":"https:\/\/dacotrans.com.sv\/index.php\/wp-json\/wp\/v2\/comments?post=1354"}],"version-history":[{"count":11,"href":"https:\/\/dacotrans.com.sv\/index.php\/wp-json\/wp\/v2\/pages\/1354\/revisions"}],"predecessor-version":[{"id":3878,"href":"https:\/\/dacotrans.com.sv\/index.php\/wp-json\/wp\/v2\/pages\/1354\/revisions\/3878"}],"wp:attachment":[{"href":"https:\/\/dacotrans.com.sv\/index.php\/wp-json\/wp\/v2\/media?parent=1354"}],"curies":[{"name":"wp","href":"https:\/\/api.w.org\/{rel}","templated":true}]}}